t common divisor of 407 and 11?
11
Calculate the highest common divisor of 784 and 49.
49
What is the highest common factor of 6088 and 8?
8
Calculate the highest common divisor of 11 and 4.
1
Calculate the greatest common divisor of 3325 and 133.
133
Calculate the highest common divisor of 8976 and 96.
48
What is the highest common divisor of 3 and 4842?
3
Calculate the greatest common factor of 548 and 68.
4
Calculate the greatest common divisor of 2788 and 136.
68
Calculate the highest common divisor of 1232 and 1463.
77
Calculate the highest common factor of 128 and 160.
32
What is the greatest common divisor of 184 and 40?
8
What is the greatest common factor of 40 and 72?
8
What is the highest common divisor of 87 and 102?
3
Calculate the greatest common factor of 49 and 49.
49
Calculate the highest common factor of 7 and 4529.
7
What is the highest common divisor of 686 and 56?
14
Calculate the greatest common factor of 1415 and 20.
5
Calculate the greatest common factor of 2035 and 1924.
37
What is the greatest common divisor of 255 and 690?
15
What is the highest common factor of 60 and 1404?
12
What is the greatest common factor of 2976 and 1536?
96
Calculate the greatest common factor of 846 and 18.
18
Calculate the highest common factor of 484 and 44.
44
What is the greatest common factor of 2650 and 265?
265
What is the greatest common factor of 441 and 9?
9
Calculate the greatest common divisor of 128 and 8832.
128
Calculate the greatest common factor of 335 and 35.
5
What is the greatest common factor of 8 and 1944?
8
What is the greatest common factor of 848 and 1537?
53
What is the greatest common factor of 25 and 20?
5
Calculate the greatest common factor of 231 and 2376.
33
What is the highest common factor of 303 and 404?
101
What is the highest common factor of 1037 and 122?
61
Calculate the highest common factor of 416 and 39.
13
What is the greatest common divisor of 96 and 9056?
32
Calculate the highest common divisor of 15150 and 404.
202
What is the greatest common factor of 2881 and 86?
43
What is the highest common divisor of 99 and 144?
9
What is the highest common factor of 272 and 153?
17
Calculate the highest common factor of 48 and 33204.
12
Calculate the greatest common factor of 22 and 649.
11
What is the greatest common divisor of 21 and 161?
7
What is the greatest common divisor of 236 and 16?
4
Calculate the greatest common divisor of 6 and 69.
3
What is the greatest common factor of 478 and 7409?
239
Calculate the highest common factor of 1335 and 30.
15
What is the greatest common factor of 252 and 36?
36
Calculate the highest common factor of 372 and 155.
31
What is the highest common factor of 306 and 578?
34
Calculate the greatest common factor of 49 and 245.
49
Calculate the greatest common factor of 406 and 116.
58
What is the greatest common divisor of 16 and 4376?
8
What is the greatest common divisor of 664 and 249?
83
Calculate the greatest common divisor of 80 and 32.
16
What is the greatest common factor of 32 and 160?
32
Calculate the highest common factor of 95 and 133.
19
What is the highest common factor of 216 and 918?
54
Calculate the highest common factor of 432 and 297.
27
Calculate the greatest common factor of 32 and 12368.
16
What is the highest common divisor of 63 and 3501?
9
What is the highest common factor of 184 and 8?
8
What is the highest common factor of 39 and 39?
39
What is the greatest common factor of 6 and 1446?
6
Calculate the greatest common factor of 98 and 28.
14
What is the highest common divisor of 88 and 8?
8
Calculate the greatest common divisor of 126 and 72.
18
What is the greatest common divisor of 6398 and 168?
14
Calculate the highest common factor of 176 and 172.
4
Calculate the greatest common factor of 798 and 570.
114
What is the highest common factor of 42 and 546?
42
What is the highest common divisor of 288 and 3132?
36
What is the highest common divisor of 220 and 1166?
22
Calculate the greatest common factor of 17772 and 12.
12
Calculate the highest common divisor of 432 and 192.
48
What is the highest common divisor of 2632 and 35?
7
Calculate the highest common divisor of 9 and 726.
3
What is the greatest common factor of 473 and 55?
11
Calculate the greatest common divisor of 216 and 270.
54
What is the highest common divisor of 15 and 2460?
15
What is the greatest common divisor of 196 and 2716?
28
What is the greatest common factor of 27 and 108?
27
Calculate the highest common factor of 27 and 144.
9
Calculate the greatest common divisor of 10482 and 6.
6
What is the greatest common factor of 2607 and 363?
33
Calculate the greatest common factor of 99 and 72.
9
Calculate the greatest common divisor of 38 and 50198.
38
What is the highest common factor of 32 and 736?
32
What is the highest common divisor of 135 and 15?
15
What is the highest common divisor of 11 and 1397?
11
What is the highest common factor of 36 and 41?
1
What is the greatest common divisor of 3133 and 26?
13
Calculate the greatest common factor of 1261 and 39.
13
What is the greatest common factor of 89 and 7921?
89
Calculate the highest common divisor of 516 and 372.
12
Calculate the highest common divisor of 1090 and 10.
10
Calculate the greatest common factor of 33 and 10329.
33
What is the greatest common divisor of 12204 and 226?
226
Calculate the highest common factor of 29 and 493.
29
Calculate the highest common factor of 36 and 324.
36
What is the highest common factor of 684 and 4959?
171
What is the greatest common factor of 7 and 63?
7
Calculate the highest common divisor of 131 and 4061.
131
What is the highest common divisor of 12 and 84?
12
Calculate the highest common factor of 14 and 70.
14
What is the greatest common divisor of 87 and 2349?
87
What is the greatest common factor of 124 and 155?
31
Calculate the highest common factor of 82 and 1025.
41
Calculate the highest common divisor of 438 and 36.
6
What is the greatest common factor of 2065 and 4425?
295
What is the greatest common factor of 121 and 19723?
121
Calculate the highest common factor of 115 and 27945.
115
Calculate the highest common divisor of 3400 and 650.
50
What is the highest common factor of 764 and 3247?
191
What is the greatest common divisor of 8690 and 22?
22
What is the highest common factor of 8 and 84?
4
Calculate the greatest common divisor of 66 and 4125.
33
Calculate the greatest common factor of 7 and 567.
7
Calculate the highest common divisor of 14 and 14.
14
What is the highest common divisor of 728 and 35?
7
What is the greatest common factor of 30115 and 38?
19
Calculate the highest common divisor of 40 and 760.
40
What is the highest common divisor of 170 and 10?
10
What is the greatest common factor of 6 and 2?
2
Calculate the highest common divisor of 70 and 80.
10
Calculate the greatest common divisor of 23 and 23.
23
What is the greatest common factor of 2947 and 7?
7
What is the highest common factor of 18 and 100?
2
Calculate the greatest common factor of 24 and 312.
24
Calculate the greatest common factor of 60 and 42.
6
What is the greatest common divisor of 159 and 1007?
53
What is the highest common factor of 153 and 13?
1
What is the greatest common factor of 940 and 80?
20
Calculate the greatest common factor of 1638 and 1512.
126
What is the greatest common divisor of 546 and 161?
7
What is the greatest common divisor of 2249 and 13?
13
What is the greatest common divisor of 13 and 1963?
13
Calculate the greatest common factor of 120 and 2280.
120
Calculate the highest common factor of 5628 and 67.
67
Calculate the greatest common divisor of 31 and 775.
31
Calculate the highest common divisor of 36 and 162.
18
What is the greatest common factor of 40 and 104?
8
What is the highest common factor of 1638 and 5670?
126
Calculate the greatest common divisor of 540 and 2025.
135
Calculate the greatest common factor of 196 and 4.
4
What is the highest common factor of 13 and 143?
13
What is the highest common divisor of 676 and 4563?
169
Calculate the highest common factor of 2142 and 154.
14
Calculate the highest common factor of 1220 and 40.
20
What is the highest common factor of 4 and 8548?
4
What is the highest common factor of 53 and 5141?
53
Calcu